 483906 is divided by 123?
24
Calculate the remainder when 21168892 is divided by 277.
275
What is the remainder when 15712554 is divided by 98821?
15
What is the remainder when 4455154 is divided by 396?
154
Calculate the remainder when 97310 is divided by 2299.
752
Calculate the remainder when 3646445 is divided by 3646344.
101
What is the remainder when 1562165 is divided by 24408?
53
Calculate the remainder when 17107588 is divided by 525.
463
What is the remainder when 771399 is divided by 192820?
119
Calculate the remainder when 35112541 is divided by 16.
13
What is the remainder when 41036 is divided by 1025?
36
Calculate the remainder when 830076 is divided by 14.
2
Calculate the remainder when 14939 is divided by 922.
187
What is the remainder when 99871946 is divided by 1426742?
6
Calculate the remainder when 443648 is divided by 88278.
2258
Calculate the remainder when 8019371 is divided by 19.
3
What is the remainder when 32385094 is divided by 4544?
6
What is the remainder when 6062691 is divided by 629?
389
Calculate the remainder when 2347886 is divided by 4831.
20
What is the remainder when 9906891 is divided by 89?
34
What is the remainder when 140276 is divided by 1848?
1676
What is the remainder when 126305 is divided by 3391?
838
Calculate the remainder when 1367867 is divided by 320.
187
What is the remainder when 9630535 is divided by 21?
19
What is the remainder when 1506289 is divided by 502088?
25
Calculate the remainder when 396985001 is divided by 1669.
1668
Calculate the remainder when 12242710 is divided by 293.
291
Calculate the remainder when 391702 is divided by 65270.
82
Calculate the remainder when 229436 is divided by 16385.
46
What is the remainder when 34459 is divided by 53?
9
Calculate the remainder when 8088 is divided by 4218.
3870
What is the remainder when 176888 is divided by 165?
8
Calculate the remainder when 37017105 is divided by 108.
105
What is the remainder when 7531871 is divided by 340?
191
Calculate the remainder when 4542338 is divided by 23175.
38
What is the remainder when 118758825 is divided by 28?
17
What is the remainder when 534169 is divided by 534162?
7
What is the remainder when 395932 is divided by 2129?
2067
What is the remainder when 42348829 is divided by 30206?
17
Calculate the remainder when 2763802 is divided by 313.
12
Calculate the remainder when 25101658 is divided by 681.
679
Calculate the remainder when 37941 is divided by 1184.
53
Calculate the remainder when 1103505 is divided by 970.
615
Calculate the remainder when 122399 is divided by 7532.
1887
What is the remainder when 604524 is divided by 302256?
12
Calculate the remainder when 12713 is divided by 525.
113
Calculate the remainder when 3879837 is divided by 1939894.
49
Calculate the remainder when 34124 is divided by 243.
104
What is the remainder when 1242022 is divided by 2116?
2046
What is the remainder when 3716322 is divided by 428?
426
Calculate the remainder when 167537 is divided by 554.
229
Calculate the remainder when 21934896 is divided by 7311632.
0
Calculate the remainder when 374682452 is divided by 5830.
12
Calculate the remainder when 16572 is divided by 7053.
2466
Calculate the remainder when 616341918 is divided by 22.
16
Calculate the remainder when 1049035 is divided by 1435.
50
Calculate the remainder when 37491823 is divided by 2372.
2363
Calculate the remainder when 6629615 is divided by 122.
13
Calculate the remainder when 627044459 is divided by 380.
379
What is the remainder when 34733526 is divided by 37?
35
What is the remainder when 32737361 is divided by 258?
257
What is the remainder when 52618230 is divided by 222?
12
Calculate the remainder when 428755 is divided by 442.
15
What is the remainder when 10273942 is divided by 3424609?
115
Calculate the remainder when 2927073 is divided by 54203.
111
Calculate the remainder when 197313 is divided by 709.
211
Calculate the remainder when 250320 is divided by 186.
150
Calculate the remainder when 384476 is divided by 96091.
112
Calculate the remainder when 6086220 is divided by 155.
145
What is the remainder when 1968820 is divided by 673?
295
What is the remainder when 427418 is divided by 427339?
79
Calculate the remainder when 417738 is divided by 208724.
290
Calculate the remainder when 6645 is divided by 1068.
237
What is the remainder when 917221 is divided by 27791?
118
Calculate the remainder when 7833340 is divided by 73.
2
What is the remainder when 13849876 is divided by 29?
27
What is the remainder when 25446901 is divided by 14916?
205
What is the remainder when 31573645 is divided by 5691?
5668
What is the remainder when 985761 is divided by 985754?
7
What is the remainder when 230224 is divided by 110?
104
What is the remainder when 142070 is divided by 2419?
1768
What is the remainder when 882640556 is divided by 10889?
10883
What is the remainder when 13824134 is divided by 310?
304
Calculate the remainder when 1111056 is divided by 185144.
192
What is the remainder when 666505 is divided by 151?
142
What is the remainder when 247359938 is divided by 10?
8
Calculate the remainder when 967459 is divided by 52.
51
What is the remainder when 8993981 is divided by 8993972?
9
Calculate the remainder when 2633 is divided by 2613.
20
Calculate the remainder when 1247726 is divided by 46211.
29
Calculate the remainder when 684415 is divided by 327.
4
Calculate the remainder when 486109866 is divided by 97.
89
Calculate the remainder when 10622194 is divided by 501.
493
What is the remainder when 47502 is divided by 47500?
2
Calculate the remainder when 188694 is divided by 458.
456
What is the remainder when 10222064 is divided by 1691?
1660
What is the remainder when 41771333 is divided by 491?
490
What is the remainder when 9602 is divided by 1342?
208
What is the remainder when 866935 is divided by 821?
780
What is the remainder when 172984 is divided by 57637?
73
What is the remainder when 26646 is divided by 181?
39
What is the remainder when 11299762 is divided by 395?
392
What is the remainder when 424837 is divided by 4726?
4223
Calculate the remainder when 4111813 is divided by 1370597.
22
Calculate the remainder when 1728905 is divided by 7357.
10
Calculate the remainder when 7243958 is divided by 245.
43
What is the remainder when 120780556 is divided by 54?
52
What is the remainder when 85766 is divided by 84?
2
What is the remainder when 549601146 is divided by 159?
156
Calculate the remainder when 25338980 is divided by 13854.
14
Calculate the remainder when 2311342 is divided by 44.
22
Calculate the remainder when 336025 is divided by 3169.
111
Calculate the remainder when 3188553 is divided by 69.
63
Calculate the remainder when 56551317 is divided by 21.
18
Calculate the remainder when 354965 is divided by 354829.
136
Calculate the remainder when 1906609 is divided by 37384.
25
What is the remainder when 80734 is divided by 13188?
1606
What is the remainder when 16464805 is divided by 6472?
37
What is the remainder when 137348 is divided by 1143?
188
Calculate the remainder when 917968 is divided by 114745.
8
Calculate the remainder when 255381 is divided by 40493.
12423
What is the remainder when 2368523 is divided by 1184077?
369
Calculate the remainder when 69206 is divided by 34024.
1158
What is the remainder when 95175 is divided by 6594?
2859
Calculate the remainder when 316715 is divided by 551.
441
Calculate the remainder when 10223994 is divided by 471.
468
What is the remainder when 614712 is divided by 2171?
319
What is the remainder when 439309 is divided by 2730?
2509
Calculate the remainder when 211731973 is divided by 2946.
7
Calculate the remainder when 2873136 is divided by 143652.
96
Calculate the remainder when 194283 is divided by 704.
683
Calculate the remainder when 92429370 is divided by 11911.
10
What is the remainder when 9309644 is divided by 4654746?
152
What is the remainder when 30602314 is divided by 519?
517
Calculate the remainder when 46808 is divided by 1533.
818
What is the remainder when 514838 is divided by 514810?
28
What is the remainder when 9514199 is divided by 303?
302
What is the remainder when 164285 is divided by 6844?
29
What is the remainder when 86920 is 